-4 - -11 - (1 - (-2 + -3)) - -1.
2
Calculate (-5 - -1) + -2 - (145 - 159).
8
What is -19 + 53 + (2 - 26) + -30 + 0?
-20
What is -8 + 0 - (-4 - -1 - (216 + -196))?
15
Evaluate -150 - -156 - (20 + -1).
-13
Calculate -14 + (32 - (75 - 29)).
-28
What is -4 + -6 + -8 + 6?
-12
What is -9 + 5 + 5 + 18?
19
What is -2 + (-5 - (3 - -2) - -10)?
-2
What is -25 + (32 - (3 - -22))?
-18
Evaluate 8 + (0 - -19 - (-15 + 20)).
22
What is the value of (-7 - (-2 + (4 - 26))) + -9 + 2?
10
What is 1 + 0 + (-3 - -2) + -186 + 205?
19
What is the value of -6 + 5 - ((-2 - (-2 + 1)) + 11)?
-11
What is -57 + 40 + 3 + -2?
-16
-5 + (7 - 3) + 4 + 2 + -11
-6
What is -10 + (-12 - (10 + -8 + -13)) + -13?
-24
What is the value of -22 - -38 - (0 + 10)?
6
(46 - 11) + -15 + (14 - 2)
32
What is the value of -1 - ((-10 - 2) + 24)?
-13
Evaluate 0 + 0 - 6 - (35 + -37) - 3.
-7
Calculate -10 + 23 - (1 - -5).
7
Evaluate (-15 - (-27 - 0)) + -15.
-3
Calculate (0 - -22) + (2 + 8 - 5) + -7.
20
What is the value of -10 + 21 + (-2 - (-6 - -3))?
12
7 - ((-6 - (-13 - -3)) + 27)
-24
What is the value of (-39 - -31) + (1 - -7)?
0
What is -2 + (12 - (16 - (-3 - -7)))?
-2
Evaluate (-11 + 5 + -2 + 1 - -1) + 20.
14
What is the value of (2 - -4) + -2 + -4 + 11?
11
Calculate (2 - -1) + (-2 - -13) + 80 + -97.
-3
What is the value of -3 + 7 - (-18 - -37) - (-1 + -5)?
-9
What is 35 + -7 - 42 - (2 - 1)?
-15
What is (-6 - 5 - -4) + 1 + 0 - -7?
1
Calculate (-39 - (-1 - -2)) + (97 - 93) - -7.
-29
What is the value of 20 - (-23 - -28) - 9?
6
What is the value of 8 - ((-14 - (8 - 4)) + 5)?
21
-27 + 3 + 19 + -7 - (-1 + 0)
-11
Calculate 5 + 7 + -3 + (-37 - -24).
-4
What is the value of (-3 - (4 - (0 + 18))) + (100 - 101)?
10
Evaluate 9 + (-9 - 3) + (-8 - -5).
-6
-3 + 8 + 3 + 118 + -156
-30
What is the value of (11 - 1) + -3 - (170 - 158)?
-5
What is -195 + 207 - (5 - -1) - 10?
-4
What is the value of (0 - 7) + (-3 + 3 - (3 + -5))?
-5
What is the value of (-3 - (-12 + 8 + 28 + -4)) + -6?
-29
Evaluate 2 + 0 - (23 - 2) - -3.
-16
Calculate -2 - (21 - 10) - (8 + -5 + 4).
-20
Evaluate -32 - 9 - ((8 - 0 - 13) + -5).
-31
Calculate -1 + -26 + 11 + 23.
7
What is 19 + 1 - (11 + 0)?
9
Evaluate -13 + -28 + 27 + -16 + 1.
-29
What is the value of 4 + 15 + 14 + -28 + -2 + 2?
5
Calculate -12 - (-3 + -4 + -1 - -6).
-10
What is the value of -13 - ((15 - 29) + 0)?
1
What is the value of 4 + (3 - 7) + 8 - -7?
15
Calculate 4 + (7 - (7 - (5 + (6 - 8)))).
7
What is 17 + (189 - 183 - (1 + 2))?
20
4 + 13 + -7 + (-12 - -8 - -6)
12
What is the value of -28 + 27 - (-2 + (-3 - -2 - -10))?
-8
What is 13 + -38 + 35 + 1?
11
(-5 - 3) + (11 + 5 + -17 - -6)
-3
Evaluate (19 - -14) + (3 - 16).
20
Evaluate -4 + -21 + 10 - -23.
8
6 - (33 + (-26 - 4) + 16)
-13
Evaluate (11 - 2) + (5 + -7 - 2) - -6.
11
Calculate 8 + 4 + (-5 - -7).
14
(-1 - 6) + -3 - (-7 - -2)
-5
25 + -19 + -32 - -26
0
-7 - (27 + -23 + -16)
5
What is 1 - 5 - -14 - (1 + -3 + 5)?
7
7 - (-12 + 6 + 7) - (-2 - 1)
9
Evaluate -5 - (3 - 2) - (-11 + 21 + -39).
23
33 + (-44 - 3) + (1 - 0)
-13
Calculate -22 - (0 - (-17 - -13)) - 2.
-28
-7 - (-2 + (14 - (1 - 2)) + -6)
-14
Evaluate 4 - 1 - (9 - (14 - 27)).
-19
What is (-14 - 3) + 22 + (-12 - 1) - -21?
13
What is (6 - (-4 + 1)) + -15 + 5?
-1
Evaluate (275 - 275) + 0 + 7.
7
What is the value of (-18 - -3 - -14) + 9 + -4 + 0?
4
Calculate -22 + (-12 - (12 + -24)).
-22
Evaluate (61 - 82) + (41 - 2).
18
-9 + (5 + -3 - -5) + 23 + -39
-18
-10 - ((12 - 2) + -8 + (-2 - -6))
-16
What is -21 + (5 - 0) + 5?
-11
What is (-37 - (2 - 1)) + -427 + 440?
-25
What is 9 + 2 - (277 - 286)?
20
10 + -20 + -2 + (2 - 19)
-29
Evaluate (6 - 7 - 8) + 12 + -6.
-3
Evaluate 8 - (2 + 3 + -13 + 9) - 3.
4
-18 + -13 + (-15 - -45)
-1
What is the value of -3 + (-20 + -8 - -26) + -1 + 12?
6
What is ((6 - 6) + 6 - 7) + -4 + 17?
12
Calculate 30 + -9 - 10 - (19 + -30).
22
6 + (342 - 345) + (0 - -1 - 1)
3
Calculate (-21 - -1 - -15) + -9.
-14
Evaluate 3 + (-16 - ((7 - -2) + -16)).
-6
Calculate (30 - 46 - -16) + (29 - -1) + -8.
22
What is the value of (0 - (9 - 1)) + 11?
3
Calculate (15 - -9) + -44 - -30.
10
Evaluate -9 - (13 + -14) - (9 + -2).
-15
What is the value of 8 + -17 + -5 - -10?
-4
-12 + -6 - -9 - (-3 - -1) - -2
-5
What is the value of (-14 - -1) + (16 - 0) + (-20 - -2)?
-15
-1 - (-16 + 3) - (0 - (2 + -1))
13
Evaluate -1928 - -1890 - (0 + 2 + (-5 - -1)).
-36
What is the value of 45 + (-13 - 30 - -15)?
17
Evaluate 21 + -5 + -9 - (-9 - (-5 + 3)).
14
(1 - (-1 - (-7 + 6))) + 0
1
What is the value of (-4 - 6) + 1 - (-103 + 103)?
-9
What is the value of (57 - 68) + 6 + (-1 - 1)?
-7
What is 4 - (14 - (2 + -4 - (-5 - -1)))?
-8
Calculate -3 - 5 - (22 + -33).
3
What is -2 + (-14 - -9 - 11)?
-18
(2 - 16) + 108 + -109
-15
-13 - (0 + 2 + -1 + -7)
-7
What is the value of -5 + 2 + -2 - (13 + -41 - -20)?
3
(-13 - 1) + 139 + -120
5
What is 0 + (-11 - -9 - -11) + 9 + -1?
17
(2 - 11 - -6) + -9 + (35 - 3)
20
What is the value of -11 - ((-1 - -1) + (18 - 16) - 3)?
-10
13 - 20 - 18 - (-2 - 0) - -3
-20
Calculate -3 + -9 + (-17 - -8 - -17).
-4
Evaluate (-22 - -37 - -4) + -23.
-4
Evaluate (10 - 8 - -4) + 2.
8
Evaluate (12 - 1) + (5 - 13 - -17) + -8.
12
Evaluate (3 - (8 - 8 - -6)) + 12.
9
Evaluate 147 - 147 - (-5 - 1) - (2 - 28).
32
(-3 + (7 - -5) - (-6 + 7)) + -17
-9
0 - (8 - -13 - (-1 + -5 + 2))
-25
Calculate (0 - -11) + (80 - 78).
13
Evaluate -17 + 58 + 15 - 29.
27
What is 23 + -3 - (8 + 1 + (-3 - 0))?
14
What is 19 - (3 - -4 - 3) - (0 + 2)?
13
What is -13 - -42 - 10 - 22?
-3
Evaluate 1 + (-6 - (18 - 15)).
-8
Calculate (-20 - -1) + -7 + 20 + 3 + -9.
-12
8 - ((13 - 12) + 10)
-3
Evaluate -9 + 14 + -3 - (-13 + 2 + -3).
16
What is -3 - (36 + -15 + -36)?
12
Evaluate 13 - (-16 + -33 + 33).
29
What is the value of 0 + (1 - (0 - -11))?
-10
Calculate -23 + 2 + (1 - 3) + -84 + 81.
-26
Calculate (2 - -2) + (-85 - -76).
-5
Evaluate -254 + 261 - (26 + -1).
-18
Evaluate -24 - (-34 + 38 + -8 + 1).
-21
Calculate -6 + -14 + 9 + 16.
5
What is the value of -14 - (-15 + -5) - (16 + 1)?
-11
What is the value of (-2 - -1) + -7 + (-15 - -31)?
8
What is 5 - (-10 + 3) - ((-7 - -4) + 3)?
12
What is the value of -15 + 15 - (10 - 4 - 4)?
-2
What is -8 + -4 + 8 + -7 + -2?
-13
Calculate 15 + (-9 - -4) + -18 - -4.
-4
Evaluate -348 - -326 - (-2 - 1).
-19
What is 15 + (-52 - -25) - -32?
20
Calculate (15 - (5 - -12)) + -1.
-3
What is 18 + (1 - 0) - (188 - 180)?
11
Calculate -3 + (-9 - -2) + 20 + -28.
-18
-6 - (-32 + (16 + 18 - 18))
10
What is the value of -44 + (32 - 8) + -8?
-28
Calculate (9 - 44) + 53 - ((-1 - -9) + 2).
8
What is -16 - (9 + -4 - 18)?
-3
What is the value of -8 + -3 - (-24 + 3 + 10)?
0
Evaluate -19 + ((0 - -9) + -13 - 4).
-27
What is the value of 101 + -103 + (0 - -7) - 2?
3
Evaluate 3 + (-6 - -3) + 0 - -5.
5
What is 1 + (-6 - 33) + 10?
-28
(0 - (-1 + 1)) + 1 + (9 - 4)
6
Calculate -5818 - -5776 - (0 - (0 + 9 + 1)).
-32
What is the value of -9 - (0 + -7) - (-44 - -30)?
12
Calculate 10 + 35 + -16 - 14.
15
What is -1105 + 1100 - (5 - 7 - (13 + 1))?
11
What is (-1 - -27) + (-128 - -116)?
14
What is -7 - 0 - (306 - 309)?
-4
What is the value of -27 + 22 + 12 + -17 - 11?
-21
Calculate (-11 - (-8 - -10 - 9)) + 32.
28
What is (-21 - -23) + (-12 + 2 - 13)?
-21
Calculate -171 + 148 + (-1 - -3) + 2 + -10.
-29
Calculate (-29 - -25) + -3 + 5 + -11 + 2.
-11
Calculate -1 - 2 - (-238 + 216).
19
Calculate -14 + 4 + 16 + -1 + -8.
-3
(11 - (1 - -1)) + (15 - 30)
-6
What is (-14 + 30 - 13) + 15?
18
What is the value of 2 + 0 + (19 - 17) + -19 - 1?
-16
What is 2 - 1 - ((-6 - 20) + 17)?
10
(49 - 52) + -18 + -7 + 14
-14
What is the value of 0 + 18 - (3 + (-4 - -6) + -2)?
15
5 - (-50 - (16 + -41)) - (0 - -1)
29
What is (4 - 0) + -9 - (-7 + 8)?
-6
What is (5 - (3 - (0 + -5))) + 15 - 5?
7
Evaluate -3 - (-14 - (0 + -13)).
-2
What is 9 + -1 + (-35 + -1 - (30 - 34))?
-24
What is -17 + (-13 - -26) + 27?
23
Evaluate -18 - (12 + -15 + 0 + 2).
-17
Calculate -6 - -6 - (-1 + 4) - (14 - 1).
-16
Evaluate 28 + (-21 - (-2 + -5)).
14
Evaluate (-68 - -64) + 0 + 1 + 0 + -10.
-13
1 - (-2 - -4) - (-19 + 31 + -9)
-4
12 + (-20 - -34 - 20)
6
What is (-9 - -29 - 13 - 16) + 8 + 1?
0
What is the value of (-14 + 14 - (2 + (-3 - -2))) + -12?
-13
-8 + -1 + -6 + 18 + (1 - 7)
-3
What is 289 + -280 - (11 + -1)?
-1
What is 6 - 4 - (7 - (-7 + 11))?
-1
Evaluate -32 + (54 - 18) + 